44 is divided by 9.
8
Calculate the remainder when 68 is divided by 63.
5
What is the remainder when 879 is divided by 86?
19
Calculate the remainder when 517 is divided by 142.
91
What is the remainder when 38114 is divided by 231?
230
Calculate the remainder when 295 is divided by 5.
0
Calculate the remainder when 97 is divided by 53.
44
Calculate the remainder when 277 is divided by 17.
5
Calculate the remainder when 4471 is divided by 1486.
13
What is the remainder when 52 is divided by 16?
4
What is the remainder when 2171 is divided by 155?
1
Calculate the remainder when 139 is divided by 16.
11
Calculate the remainder when 3126 is divided by 69.
21
Calculate the remainder when 356 is divided by 10.
6
What is the remainder when 36 is divided by 1?
0
What is the remainder when 3594 is divided by 300?
294
Calculate the remainder when 1234 is divided by 42.
16
Calculate the remainder when 27 is divided by 5.
2
What is the remainder when 412 is divided by 24?
4
Calculate the remainder when 411 is divided by 59.
57
Calculate the remainder when 824 is divided by 15.
14
What is the remainder when 897 is divided by 17?
13
Calculate the remainder when 51 is divided by 17.
0
Calculate the remainder when 1062 is divided by 19.
17
What is the remainder when 14452 is divided by 146?
144
Calculate the remainder when 261 is divided by 77.
30
What is the remainder when 82 is divided by 29?
24
Calculate the remainder when 240 is divided by 85.
70
What is the remainder when 1357 is divided by 22?
15
What is the remainder when 1114 is divided by 227?
206
Calculate the remainder when 12285 is divided by 4090.
15
Calculate the remainder when 130 is divided by 8.
2
Calculate the remainder when 720 is divided by 15.
0
Calculate the remainder when 228 is divided by 136.
92
Calculate the remainder when 200 is divided by 29.
26
Calculate the remainder when 345 is divided by 45.
30
Calculate the remainder when 1503 is divided by 300.
3
What is the remainder when 1761 is divided by 5?
1
What is the remainder when 737 is divided by 82?
81
What is the remainder when 113 is divided by 64?
49
What is the remainder when 3259 is divided by 6?
1
Calculate the remainder when 99 is divided by 85.
14
Calculate the remainder when 573 is divided by 16.
13
What is the remainder when 1023 is divided by 84?
15
What is the remainder when 279 is divided by 33?
15
What is the remainder when 4534 is divided by 377?
10
Calculate the remainder when 1575 is divided by 313.
10
Calculate the remainder when 236 is divided by 24.
20
Calculate the remainder when 1277 is divided by 142.
141
Calculate the remainder when 11 is divided by 6.
5
Calculate the remainder when 283 is divided by 146.
137
What is the remainder when 599 is divided by 75?
74
What is the remainder when 601 is divided by 318?
283
Calculate the remainder when 193 is divided by 59.
16
Calculate the remainder when 5812 is divided by 224.
212
What is the remainder when 10 is divided by 4?
2
What is the remainder when 940 is divided by 36?
4
What is the remainder when 204 is divided by 42?
36
What is the remainder when 909 is divided by 114?
111
Calculate the remainder when 10092 is divided by 2522.
4
What is the remainder when 59 is divided by 25?
9
What is the remainder when 1831 is divided by 13?
11
What is the remainder when 1343 is divided by 48?
47
Calculate the remainder when 981 is divided by 373.
235
What is the remainder when 216 is divided by 125?
91
What is the remainder when 426 is divided by 77?
41
What is the remainder when 5543 is divided by 33?
32
Calculate the remainder when 1157 is divided by 40.
37
Calculate the remainder when 145 is divided by 31.
21
What is the remainder when 23069 is divided by 32?
29
Calculate the remainder when 118 is divided by 53.
12
What is the remainder when 23279 is divided by 11?
3
What is the remainder when 731 is divided by 57?
47
Calculate the remainder when 1135 is divided by 61.
37
What is the remainder when 3039 is divided by 95?
94
What is the remainder when 519 is divided by 90?
69
What is the remainder when 147 is divided by 35?
7
Calculate the remainder when 120 is divided by 35.
15
Calculate the remainder when 1202 is divided by 45.
32
What is the remainder when 341 is divided by 163?
15
Calculate the remainder when 130 is divided by 10.
0
What is the remainder when 358 is divided by 116?
10
Calculate the remainder when 4469 is divided by 1488.
5
Calculate the remainder when 169 is divided by 44.
37
What is the remainder when 231 is divided by 26?
23
Calculate the remainder when 132 is divided by 7.
6
Calculate the remainder when 250 is divided by 66.
52
What is the remainder when 6334 is divided by 64?
62
Calculate the remainder when 2333 is divided by 59.
32
What is the remainder when 545 is divided by 53?
15
Calculate the remainder when 1441 is divided by 13.
11
Calculate the remainder when 26 is divided by 8.
2
Calculate the remainder when 327 is divided by 82.
81
Calculate the remainder when 257 is divided by 226.
31
What is the remainder when 8178 is divided by 62?
56
What is the remainder when 110 is divided by 56?
54
What is the remainder when 303 is divided by 51?
48
What is the remainder when 4706 is divided by 107?
105
What is the remainder when 298 is divided by 66?
34
What is the remainder when 636 is divided by 126?
6
Calculate the remainder when 1069 is divided by 134.
131
What is the remainder when 243 is divided by 165?
78
What is the remainder when 762 is divided by 45?
42
What is the remainder when 1652 is divided by 26?
14
What is the remainder when 139 is divided by 20?
19
Calculate the remainder when 100 is divided by 29.
13
What is the remainder when 290 is divided by 21?
17
What is the remainder when 467 is divided by 22?
5
What is the remainder when 2864 is divided by 191?
190
What is the remainder when 229 is divided by 7?
5
Calculate the remainder when 199 is divided by 15.
4
Calculate the remainder when 46 is divided by 33.
13
Calculate the remainder when 145 is divided by 44.
13
What is the remainder when 576 is divided by 35?
16
Calculate the remainder when 2742 is divided by 912.
6
Calculate the remainder when 667 is divided by 16.
11
What is the remainder when 361 is divided by 336?
25
Calculate the remainder when 344 is divided by 44.
36
Calculate the remainder when 959 is divided by 189.
14
What is the remainder when 10171 is divided by 3385?
16
What is the remainder when 3314 is divided by 21?
17
What is the remainder when 2127 is divided by 346?
51
What is the remainder when 3439 is divided by 40?
39
What is the remainder when 5457 is divided by 52?
49
Calculate the remainder when 169 is divided by 17.
16
Calculate the remainder when 227 is divided by 33.
29
What is the remainder when 4722 is divided by 75?
72
Calculate the remainder when 8081 is divided by 94.
91
What is the remainder when 1618 is divided by 10?
8
Calculate the remainder when 163 is divided by 59.
45
Calculate the remainder when 657 is divided by 326.
5
What is the remainder when 70 is divided by 25?
20
Calculate the remainder when 132 is divided by 51.
30
Calculate the remainder when 807 is divided by 101.
100
Calculate the remainder when 339 is divided by 18.
15
Calculate the remainder when 620 is divided by 156.
152
What is the remainder when 627 is divided by 301?
25
What is the remainder when 756 is divided by 70?
56
What is the remainder when 983 is divided by 398?
187
What is the remainder when 248 is divided by 43?
33
Calculate the remainder when 4127 is divided by 344.
343
Calculate the remainder when 90 is divided by 31.
28
Calculate the remainder when 138 is divided by 11.
6
Calculate the remainder when 44 is divided by 34.
10
What is the remainder when 1326 is divided by 430?
36
What is the remainder when 281 is divided by 81?
38
What is the remainder when 213 is divided by 82?
49
What is the remainder when 268 is divided by 6?
4
Calculate the remainder when 95 is divided by 24.
23
What is the remainder when 615 is divided by 205?
0
What is the remainder when 8636 is divided by 135?
131
Calculate the remainder when 297 is divided by 154.
143
Calculate the remainder when 579 is divided by 177.
48
What is the remainder when 382 is divided by 35?
32
Wha